site number?
False
Suppose 4*o + 3*p = 1431, -6*o + 1750 = -o - 4*p. Suppose -2*z = m + 133 - o, -5*m + 1116 = -z. Is m a composite number?
False
Suppose 4*c - 68 = -4*r, r + 64 = 6*r - 2*c. Suppose -r*s + 8003 = -21075. Is s prime?
False
Let i(n) = n**2 + 11*n + 5. Let r be i(-11). Suppose -9 = 4*u - r*o - 0, u = -3*o + 19. Suppose 1086 = 3*m + u*h, -h - 1441 = -4*m - 4*h. Is m prime?
False
Suppose -15522*s + 15524*s - 85178 = 0. Is s a composite number?
False
Let t(u) = 4*u - 12. Let q be t(3). Suppose -66 = f + 5*w, q*f + 2*w - 176 = 4*f. Is 3*(-2)/3*f/4 a prime number?
True
Is 6/4*(-269861408)/(-912) a prime number?
True
Let w be (-14)/63 + (-723700)/(-45). Suppose k + 15216 = 2*n, 2*n = -4*k - 856 + w. Is n composite?
True
Let l = 188617 - 84666. Is l a composite number?
False
Let a = -54339 - -116212. Is a prime?
False
Let t be (7/2)/(-3 - (-59691)/19896). Suppose -10*s + 31138 = -t. Is s a prime number?
False
Let j = 17947 + -10028. Is j a composite number?
False
Let x(n) = n**3 - 13*n**2 + 13*n - 11. Let l be x(12). Suppose 0 = 3*m - 2 - l. Is 211/(((-4)/((-4)/m))/1) composite?
False
Let p(x) = -4*x - 82. Let f be p(-22). Suppose 0 = -f*q - 5791 + 50785. Is q a composite number?
False
Let j be 18/(-15)*(0 + 20/(-12)). Let u be ((-6613)/(-51))/(j/48). Suppose 14*b - 6*b = u. Is b composite?
False
Let n be 39/(-9) + 2/6. Let x = 913 + -914. Is (17320/26 - x) + n/26 composite?
True
Let h(q) = 309*q**2 + q + 10. Let j be h(-5). Suppose -7*u + 2*f - 3865 = -8*u, 2*u - j = f. Is u prime?
False
Is (-75)/150 + 1003772/8 composite?
False
Suppose 1017910 + 91291 = 19*x. Is x a composite number?
False
Let d(l) = l**2 + 20*l + 21. Let g be d(-6). Let z = g + 21. Is (1 - 27/21) + (-49950)/z a composite number?
True
Suppose 0 = -6*p - 8*p + 12838. Let h = -363 + p. Is h prime?
False
Suppose 194*u - 199*u + 255 = 0. Suppose 4*p - 389345 = -u*p. Is p composite?
False
Suppose 15*n + 48 = 7*n. Let g(z) = 636*z**2 - z + 19. Is g(n) a composite number?
False
Let q = -29 + 32. Suppose 0 = q*d + 3*c - 18, -3*d + 2*c = -4 - 4. Suppose 0 = -4*o - k + d*k + 17645, 3*o = 2*k + 13233. Is o a composite number?
False
Suppose -10 = -47*l + 42*l. Suppose -l*h + 10*s = 5*s + 20603, -5*s - 10309 = h. Let z = -4333 - h. Is z a prime number?
False
Suppose 3*s = -f - 14 - 3, s + 11 = -f. Is (-2)/f - 37132/(-16) prime?
False
Is 288770/15*(-3)/(-2) composite?
True
Let g(n) = -526*n + 3. Suppose 174 = 5*k + 3*m, 3*k - m = -22 + 118. Let o = -35 + k. Is g(o) a composite number?
True
Let q(z) = 993*z**2 + 29. Let b be q(15). Suppose 34*d = 12*d + b. Is d a composite number?
True
Let l(q) = q**3 + 15*q**2 - q + 20. Suppose -10*x + 203 = -3*x. Suppose -51 = 4*r - 3*z, 31 = -5*r + 5*z - x. Is l(r) composite?
True
Let w = 29371 + -15560. Suppose 2*d - 7644 = 5*n, -4*n + w = 3*d + 2368. Is d a composite number?
True
Let t(f) = -2*f**2 + 10*f. Let l be t(8). Let v be 1*132 + ((-40)/(-4) - 11). Let a = l + v. Is a a prime number?
True
Suppose -g = -3*g, 4*g = u + 1232. Let z = -625 + 282. Let j = z - u. Is j composite?
True
Let v = -872 + 842. Is (45/v)/((-12)/203464) a prime number?
False
Let p = -13417 - -136428. Is p composite?
True
Suppose 72*f - 42068 = 46*f. Is f a prime number?
False
Suppose -25601 = -3*y + k, 2*y - 4*k + 5*k = 17069. Let n = y + 25961. Is n composite?
True
Let c = 101576 + -40297. Is c a prime number?
False
Let b(j) = 155178*j - 3113. Is b(2) a prime number?
True
Suppose -h + z + 12010 = 0, -4*h + 4*z + 48031 = 3*z. Is h a composite number?
False
Let j = -288 + 304. Let d(f) = 6*f**3 - 12*f**2 + 20*f - 12. Let u(y) = -5*y**3 + 13*y**2 - 20*y + 11. Let t(o) = -4*d(o) - 5*u(o). Is t(j) a composite number?
True
Let t be (-2)/(-3)*6/2. Suppose t*a - 556 = 830. Suppose 6*v - a = 249. Is v prime?
True
Let j = -12202 + 40383. Is j composite?
False
Is 166745152/960 + 4/30 - -4 a prime number?
False
Let k = -7 - -11. Suppose v = 3*v - 3*m - 6, -k*v + 2*m + 4 = 0. Is 127/2*(-1 - (v - 5)) a composite number?
True
Let j = 5 + 0. Suppose -x + 1562*f = 1564*f - 2379, 5*f = 3*x - 7071. Suppose m - 704 = -5*a, 1066 = j*m - 4*a - x. Is m a prime number?
False
Suppose 0 = 5*q - 2*j - 2576669, 420 - 405 = 5*j. Is q a prime number?
False
Let r be (2 + 14/(-3))*(-7473)/4. Let p = 14553 - r. Is p composite?
True
Is -75 - -70 - (-126667 - 1) a prime number?
False
Suppose -8*v = -201 + 209. Let n(u) = 113*u**2 - 2*u. Let i(y) = -6216*y**2 + 111*y. Let f(d) = 2*i(d) + 111*n(d). Is f(v) composite?
True
Is 3 - 52/12 - 283265/(-15) a composite number?
True
Suppose 28 = -r + 5*z, -2*z = -2*r - 3*z - 100. Let k be 3/(-4) - 180/r. Suppose 0 = -k*a + 2*g + 1411, -a - 6*g + 462 = -5*g. Is a prime?
True
Let x be (7/(-21) - -2)/(2/6). Suppose x - 10 = -d. Suppose -d*b - 3*q + 1210 = -b, 4*b - 1212 = -4*q. Is b composite?
True
Is ((-69)/(-138))/((-4)/(-80984)) a composite number?
True
Let w = 1 - -15. Suppose f + 2*t + w = 5*t, -5*f + 2*t - 15 = 0. Is 1 - (-562)/(-4)*(f + -3) prime?
True
Let b(s) be the third derivative of -2*s**5/3 - 5*s**4/24 + s**3/3 + 20*s**2. Let t be b(-4). Is ((-1)/(-2) + 1)*t/(-9) a prime number?
True
Suppose -1711901 - 875570 = -16*m + s, -4*s + 646872 = 4*m. Is m a composite number?
False
Suppose 2*r + 2 - 6 = 0. Suppose -2*q + 8166 + 2912 = -r*t, 5539 = q - 3*t. Suppose 379 = 11*g - q. Is g a prime number?
False
Let x(v) = 3*v**2 + v + v**3 + 0*v - 1 - 9*v**2 + 12*v**2. Is x(16) composite?
False
Let h = 838 - -1012. Let b = h - 513. Let z = b - 472. Is z a composite number?
True
Let g(p) = -p**3 + 7*p**2 - 10*p + 8. Let x be g(5). Suppose -147313 = -x*b - 24521. Is b a composite number?
False
Let w = -5085 + 997. Let x = w - -10335. Is x a composite number?
False
Suppose -20*u = -93182 - 73318. Suppose 3*f + 1014 = u. Is f a prime number?
True
Suppose 1 = q, 436012 = 3*m - 3*q - 472628. Is m composite?
True
Let x(i) = -29*i**2 - 22*i - 7. Let h be x(-5). Let l be (-2 - -2 - 1) + h. Let r = l + 916. Is r prime?
True
Let g = 34 + -40. Let o be g/(-10) - 2896/(-40). Suppose -1251 = -4*d + o. Is d a prime number?
True
Let a(y) = y**3 - 5*y**2 - 15*y - 8. Let c be a(7). Is c*(-5)/25 + (8894 - -2) prime?
False
Let h(f) = -10*f - 158. Let v be h(-16). Suppose 4026 - 52 = v*y. Is y a prime number?
True
Let a(h) = 32*h + 21. Let w be a(7). Let f = 277 - -549. Let z = f - w. Is z a prime number?
False
Let t(m) = m**3 + 26*m - 29. Let y be 42/4*(-12)/(-9). Is t(y) prime?
True
Let t be (4/(-10))/(7/((-70)/2)). Suppose 3*v = 15, 4*s - t*v + 1576 = -13562. Let z = s - -7501. Is z a composite number?
False
Suppose 0 = 4*n + 16, 5*o + 16*n - 19*n = 652587. Suppose -2*w - 3*v + 15226 = -36987, 0 = -5*w - 4*v + o. Is w prime?
True
Let h(n) = 3*n**2 - 15*n + 57. Let p be h(5). Suppose 4*l - p = -1. Is l/49 + 7290/14 prime?
True
Let g(d) = -d**3 - 9*d**2 - 41*d - 86. Let r be -18*(-30)/(-40)*2. Is g(r) prime?
True
Let x(a) = -a**2 + 13*a - 17. Let y be x(11). Suppose j - y*s = 2*j + 1, 0 = -2*j + s + 9. Suppose -2*p + 6702 = j*p. Is p a prime number?
True
Suppose 1503363 = 11*c - 861758. Is c a composite number?
True
Let d be 1/(1/6) + 0. Is (-1 - 3) + 3381 + d a composite number?
True
Let f = 7 + -4. Suppose 3*i - f = 12. Suppose 637 = 2*b + i*g, 4*b + 2*g - 1586 = -272. Is b composite?
False
Let t = 292 - 741. Let p be 0 + 2*-11*t. Suppose -3*c = 8*c - p. Is c composite?
True
Suppose 6*t + 2240715 + 202143 = 0. Is 8/44 - t/121 a composite number?
True
Let y(v) = 553428*v**2 + 87*v - 86. Is y(1) a composite number?
True
Let j be (-324)/(-42) + 8/28. Is (-17302)/j*(-11 - -7) a composite number?
True
Suppose 6262409 + 7756101 = 31*v - 2804663. Is v composite?
False
Let w(q) = -3*q + 25. Let d be w(7). Suppose -p = d*p - 1415. Suppose -778 = -t + p. Is t a prime number?
True
Suppose 4*n + 0*y = -y + 4196483, 4*n = -3*y + 4196473. Suppose -n = -23*f - 23*f. Is f a composite number?
False
Let j(v) = -7*v**3 - 27*v**2 + 89*v - 256. Is j(-33) a prime number?
True
Let l = 42155 + -22878. Is l composite?
True
Let h be (9 + -6)*10/6. Let o(b) = 23*b**3 - 15*b**2 + 2*b - 13. Let k(z) = 21*z**3 - 13*z**2 + z - 12. Let m(u) = 6*k(u) - 5*o(u). Is m(h) composite?
True
Let t be -21 - -22 - -2*8. Let q(o) = 28*o**2 + 18*o - 59. Is q(t) a prime number?
False
Let q(l) = 753*l**2 + 19*l + 179. Is q(